{"id":80092,"date":"2024-10-04T08:43:03","date_gmt":"2024-10-04T08:43:03","guid":{"rendered":"https:\/\/we-bc.ca\/event\/80092\/"},"modified":"2024-10-04T08:44:20","modified_gmt":"2024-10-04T08:44:20","slug":"80092","status":"publish","type":"tribe_events","link":"https:\/\/news.we-bc.ca\/en\/event\/80092\/","title":{"rendered":"Combler le foss\u00e9 : les outils RH essentiels pour les petites entreprises"},"content":{"rendered":"<p>Dans le cadre des engagements visant \u00e0 combler les lacunes du march\u00e9 du travail, la Chambre de commerce de la Colombie-Britannique a clairement entendu la n\u00e9cessit\u00e9 d&#8217;am\u00e9liorer la formation des micro et petites entreprises en mati\u00e8re de ressources humaines.<br \/>\nElle a con\u00e7u une bo\u00eete \u00e0 outils de ressources humaines en tenant compte des besoins particuliers de ces employeurs.<br \/>\nRejoignez-les pour en savoir plus sur ces ressources et pour entendre les points de vue des professionnels des ressources humaines qui ont contribu\u00e9 \u00e0 l&#8217;\u00e9laboration de la bo\u00eete \u00e0 outils.<br \/>\nLes questions-r\u00e9ponses en direct avec les pan\u00e9listes offrent une occasion unique de poser des questions sur les besoins de votre entreprise en mati\u00e8re de ressources humaines.<br \/>\nApprentissages cl\u00e9s :      <\/p>\n<ul>\n<li>Obtenez des informations sur les tendances actuelles du march\u00e9 du travail<\/li>\n<li>D\u00e9couvrez les ressources permettant de r\u00e9pondre aux besoins de votre entreprise en mati\u00e8re de ressources humaines.<\/li>\n<li>D\u00e9veloppez votre compr\u00e9hension pour soutenir des processus d&#8217;acquisition de talents r\u00e9ussis<\/li>\n<li>Approfondir vos connaissances sur les strat\u00e9gies de fid\u00e9lisation des salari\u00e9s<\/li>\n<\/ul>\n<p><a href=\"https:\/\/bcchamber.glueup.com\/event\/bridging-the-gap-essential-hr-tools-for-small-businesses-116920\/\">S&#8217;inscrire ici  &gt;&gt;&gt;<\/a><\/p>\n","protected":false},"excerpt":{"rendered":"<p>Dans le cadre des engagements visant \u00e0 combler les lacunes du march\u00e9 du travail, la Chambre de commerce de la Colombie-Britannique a clairement entendu la n\u00e9cessit\u00e9 d&#8217;am\u00e9liorer la formation des [&hellip;]<\/p>\n","protected":false},"author":274,"featured_media":80090,"template":"","meta":{"_acf_changed":false,"_tribe_events_status":"","_tribe_events_status_reason":"","_tribe_events_is_hybrid":"","_tribe_events_is_virtual":"","_tribe_events_virtual_video_source":"","_tribe_events_virtual_embed_video":"","_tribe_events_virtual_linked_button_text":"","_tribe_events_virtual_linked_button":"","_tribe_events_virtual_show_embed_at":"","_tribe_events_virtual_show_embed_to":[],"_tribe_events_virtual_show_on_event":"","_tribe_events_virtual_show_on_views":"","_tribe_events_virtual_url":"","footnotes":""},"tags":[],"tribe_events_cat":[1648],"class_list":["post-80092","tribe_events","type-tribe_events","status-publish","has-post-thumbnail","hentry","tribe_events_cat-semaine-des-petites-entreprises-2024","cat_semaine-des-petites-entreprises-2024"],"acf":[],"yoast_head":"<!-- This site is optimized with the Yoast SEO plugin v27.4 - https:\/\/yoast.com\/product\/yoast-seo-wordpress\/ -->\n<title>Combler le foss\u00e9 : les outils RH essentiels pour les petites entreprises - WeBC<\/title>\n<meta name=\"robots\" content=\"index, follow, max-snippet:-1, max-image-preview:large, max-video-preview:-1\" \/>\n<link rel=\"canonical\" href=\"https:\/\/we-bc.ca\/event\/80088\/\" \/>\n<meta property=\"og:locale\" content=\"en_US\" \/>\n<meta property=\"og:type\" content=\"article\" \/>\n<meta property=\"og:title\" content=\"Combler le foss\u00e9 : les outils RH essentiels pour les petites entreprises - WeBC\" \/>\n<meta property=\"og:description\" content=\"Dans le cadre des engagements visant \u00e0 combler les lacunes du march\u00e9 du travail, la Chambre de commerce de la Colombie-Britannique a clairement entendu la n\u00e9cessit\u00e9 d&#8217;am\u00e9liorer la formation des [&hellip;]\" \/>\n<meta property=\"og:url\" content=\"https:\/\/we-bc.ca\/event\/80088\/\" \/>\n<meta property=\"og:site_name\" content=\"WeBC\" \/>\n<meta property=\"article:modified_time\" content=\"2024-10-04T08:44:20+00:00\" \/>\n<meta property=\"og:image\" content=\"https:\/\/we-bc.ca\/wp-content\/uploads\/2024\/10\/HR.png\" \/>\n\t<meta property=\"og:image:width\" content=\"1918\" \/>\n\t<meta property=\"og:image:height\" content=\"542\" \/>\n\t<meta property=\"og:image:type\" content=\"image\/png\" \/>\n<meta name=\"twitter:card\" content=\"summary_large_image\" \/>\n<meta name=\"twitter:label1\" content=\"Est. reading time\" \/>\n\t<meta name=\"twitter:data1\" content=\"1 minute\" \/>\n<script type=\"application\/ld+json\" class=\"yoast-schema-graph\">{\"@context\":\"https:\\\/\\\/schema.org\",\"@graph\":[{\"@type\":\"WebPage\",\"@id\":\"https:\\\/\\\/we-bc.ca\\\/event\\\/80088\\\/\",\"url\":\"https:\\\/\\\/we-bc.ca\\\/event\\\/80088\\\/\",\"name\":\"Combler le foss\u00e9 : les outils RH essentiels pour les petites entreprises - WeBC\",\"isPartOf\":{\"@id\":\"https:\\\/\\\/we-bc.ca\\\/#website\"},\"primaryImageOfPage\":{\"@id\":\"https:\\\/\\\/we-bc.ca\\\/event\\\/80088\\\/#primaryimage\"},\"image\":{\"@id\":\"https:\\\/\\\/we-bc.ca\\\/event\\\/80088\\\/#primaryimage\"},\"thumbnailUrl\":\"https:\\\/\\\/news.we-bc.ca\\\/wp-content\\\/uploads\\\/2024\\\/10\\\/HR.png\",\"datePublished\":\"2024-10-04T08:43:03+00:00\",\"dateModified\":\"2024-10-04T08:44:20+00:00\",\"breadcrumb\":{\"@id\":\"https:\\\/\\\/we-bc.ca\\\/event\\\/80088\\\/#breadcrumb\"},\"inLanguage\":\"en-US\",\"potentialAction\":[{\"@type\":\"ReadAction\",\"target\":[\"https:\\\/\\\/we-bc.ca\\\/event\\\/80088\\\/\"]}]},{\"@type\":\"ImageObject\",\"inLanguage\":\"en-US\",\"@id\":\"https:\\\/\\\/we-bc.ca\\\/event\\\/80088\\\/#primaryimage\",\"url\":\"https:\\\/\\\/news.we-bc.ca\\\/wp-content\\\/uploads\\\/2024\\\/10\\\/HR.png\",\"contentUrl\":\"https:\\\/\\\/news.we-bc.ca\\\/wp-content\\\/uploads\\\/2024\\\/10\\\/HR.png\",\"width\":1918,\"height\":542},{\"@type\":\"BreadcrumbList\",\"@id\":\"https:\\\/\\\/we-bc.ca\\\/event\\\/80088\\\/#breadcrumb\",\"itemListElement\":[{\"@type\":\"ListItem\",\"position\":1,\"name\":\"Home\",\"item\":\"https:\\\/\\\/we-bc.ca\\\/\"},{\"@type\":\"ListItem\",\"position\":2,\"name\":\"Events\",\"item\":\"https:\\\/\\\/we-bc.ca\\\/events\\\/\"},{\"@type\":\"ListItem\",\"position\":3,\"name\":\"Combler le foss\u00e9 : les outils RH essentiels pour les petites entreprises\"}]},{\"@type\":\"WebSite\",\"@id\":\"https:\\\/\\\/we-bc.ca\\\/#website\",\"url\":\"https:\\\/\\\/we-bc.ca\\\/\",\"name\":\"WeBC\",\"description\":\"Supporting Women Entrepreneurs in BC\",\"potentialAction\":[{\"@type\":\"SearchAction\",\"target\":{\"@type\":\"EntryPoint\",\"urlTemplate\":\"https:\\\/\\\/we-bc.ca\\\/?s={search_term_string}\"},\"query-input\":{\"@type\":\"PropertyValueSpecification\",\"valueRequired\":true,\"valueName\":\"search_term_string\"}}],\"inLanguage\":\"en-US\"}]}<\/script>\n<!-- \/ Yoast SEO plugin. -->","yoast_head_json":{"title":"Combler le foss\u00e9 : les outils RH essentiels pour les petites entreprises - WeBC","robots":{"index":"index","follow":"follow","max-snippet":"max-snippet:-1","max-image-preview":"max-image-preview:large","max-video-preview":"max-video-preview:-1"},"canonical":"https:\/\/we-bc.ca\/event\/80088\/","og_locale":"en_US","og_type":"article","og_title":"Combler le foss\u00e9 : les outils RH essentiels pour les petites entreprises - WeBC","og_description":"Dans le cadre des engagements visant \u00e0 combler les lacunes du march\u00e9 du travail, la Chambre de commerce de la Colombie-Britannique a clairement entendu la n\u00e9cessit\u00e9 d&#8217;am\u00e9liorer la formation des [&hellip;]","og_url":"https:\/\/we-bc.ca\/event\/80088\/","og_site_name":"WeBC","article_modified_time":"2024-10-04T08:44:20+00:00","og_image":[{"width":1918,"height":542,"url":"https:\/\/we-bc.ca\/wp-content\/uploads\/2024\/10\/HR.png","type":"image\/png"}],"twitter_card":"summary_large_image","twitter_misc":{"Est. reading time":"1 minute"},"schema":{"@context":"https:\/\/schema.org","@graph":[{"@type":"WebPage","@id":"https:\/\/we-bc.ca\/event\/80088\/","url":"https:\/\/we-bc.ca\/event\/80088\/","name":"Combler le foss\u00e9 : les outils RH essentiels pour les petites entreprises - WeBC","isPartOf":{"@id":"https:\/\/we-bc.ca\/#website"},"primaryImageOfPage":{"@id":"https:\/\/we-bc.ca\/event\/80088\/#primaryimage"},"image":{"@id":"https:\/\/we-bc.ca\/event\/80088\/#primaryimage"},"thumbnailUrl":"https:\/\/news.we-bc.ca\/wp-content\/uploads\/2024\/10\/HR.png","datePublished":"2024-10-04T08:43:03+00:00","dateModified":"2024-10-04T08:44:20+00:00","breadcrumb":{"@id":"https:\/\/we-bc.ca\/event\/80088\/#breadcrumb"},"inLanguage":"en-US","potentialAction":[{"@type":"ReadAction","target":["https:\/\/we-bc.ca\/event\/80088\/"]}]},{"@type":"ImageObject","inLanguage":"en-US","@id":"https:\/\/we-bc.ca\/event\/80088\/#primaryimage","url":"https:\/\/news.we-bc.ca\/wp-content\/uploads\/2024\/10\/HR.png","contentUrl":"https:\/\/news.we-bc.ca\/wp-content\/uploads\/2024\/10\/HR.png","width":1918,"height":542},{"@type":"BreadcrumbList","@id":"https:\/\/we-bc.ca\/event\/80088\/#breadcrumb","itemListElement":[{"@type":"ListItem","position":1,"name":"Home","item":"https:\/\/we-bc.ca\/"},{"@type":"ListItem","position":2,"name":"Events","item":"https:\/\/we-bc.ca\/events\/"},{"@type":"ListItem","position":3,"name":"Combler le foss\u00e9 : les outils RH essentiels pour les petites entreprises"}]},{"@type":"WebSite","@id":"https:\/\/we-bc.ca\/#website","url":"https:\/\/we-bc.ca\/","name":"WeBC","description":"Supporting Women Entrepreneurs in BC","potentialAction":[{"@type":"SearchAction","target":{"@type":"EntryPoint","urlTemplate":"https:\/\/we-bc.ca\/?s={search_term_string}"},"query-input":{"@type":"PropertyValueSpecification","valueRequired":true,"valueName":"search_term_string"}}],"inLanguage":"en-US"}]}},"_links":{"self":[{"href":"https:\/\/news.we-bc.ca\/en\/wp-json\/wp\/v2\/tribe_events\/80092","targetHints":{"allow":["GET"]}}],"collection":[{"href":"https:\/\/news.we-bc.ca\/en\/wp-json\/wp\/v2\/tribe_events"}],"about":[{"href":"https:\/\/news.we-bc.ca\/en\/wp-json\/wp\/v2\/types\/tribe_events"}],"author":[{"embeddable":true,"href":"https:\/\/news.we-bc.ca\/en\/wp-json\/wp\/v2\/users\/274"}],"version-history":[{"count":0,"href":"https:\/\/news.we-bc.ca\/en\/wp-json\/wp\/v2\/tribe_events\/80092\/revisions"}],"wp:featuredmedia":[{"embeddable":true,"href":"https:\/\/news.we-bc.ca\/en\/wp-json\/wp\/v2\/media\/80090"}],"wp:attachment":[{"href":"https:\/\/news.we-bc.ca\/en\/wp-json\/wp\/v2\/media?parent=80092"}],"wp:term":[{"taxonomy":"post_tag","embeddable":true,"href":"https:\/\/news.we-bc.ca\/en\/wp-json\/wp\/v2\/tags?post=80092"},{"taxonomy":"tribe_events_cat","embeddable":true,"href":"https:\/\/news.we-bc.ca\/en\/wp-json\/wp\/v2\/tribe_events_cat?post=80092"}],"curies":[{"name":"wp","href":"https:\/\/api.w.org\/{rel}","templated":true}]}}

Combler le fossé : les outils RH essentiels pour les petites entreprises

<p>Dans le cadre des engagements visant à combler les lacunes du marché du travail, la Chambre de commerce de la Colombie-Britannique a clairement entendu la nécessité d&#8217;améliorer la formation des micro et petites entreprises en matière de ressources humaines.<br />
Elle a conçu une boîte à outils de ressources humaines en tenant compte des besoins particuliers de ces employeurs.<br />
Rejoignez-les pour en savoir plus sur ces ressources et pour entendre les points de vue des professionnels des ressources humaines qui ont contribué à l&#8217;élaboration de la boîte à outils.<br />
Les questions-réponses en direct avec les panélistes offrent une occasion unique de poser des questions sur les besoins de votre entreprise en matière de ressources humaines.<br />
Apprentissages clés :      </p>
<ul>
<li>Obtenez des informations sur les tendances actuelles du marché du travail</li>
<li>Découvrez les ressources permettant de répondre aux besoins de votre entreprise en matière de ressources humaines.</li>
<li>Développez votre compréhension pour soutenir des processus d&#8217;acquisition de talents réussis</li>
<li>Approfondir vos connaissances sur les stratégies de fidélisation des salariés</li>
</ul>
<p><a href="https://bcchamber.glueup.com/event/bridging-the-gap-essential-hr-tools-for-small-businesses-116920/">S&#8217;inscrire ici  &gt;&gt;&gt;</a></p>

<p>Dans le cadre des engagements visant à combler les lacunes du marché du travail, la Chambre de commerce de la Colombie-Britannique a clairement entendu la nécessité d&#8217;améliorer la formation des [&hellip;]</p>

<!-- This site is optimized with the Yoast SEO plugin v27.4 - https://yoast.com/product/yoast-seo-wordpress/ -->
<title>Combler le fossé : les outils RH essentiels pour les petites entreprises - WeBC</title>
<meta name="robots" content="index, follow, max-snippet:-1, max-image-preview:large, max-video-preview:-1" />
<link rel="canonical" href="https://we-bc.ca/event/80088/" />
<meta property="og:locale" content="en_US" />
<meta property="og:type" content="article" />
<meta property="og:title" content="Combler le fossé : les outils RH essentiels pour les petites entreprises - WeBC" />
<meta property="og:description" content="Dans le cadre des engagements visant à combler les lacunes du marché du travail, la Chambre de commerce de la Colombie-Britannique a clairement entendu la nécessité d&#8217;améliorer la formation des [&hellip;]" />
<meta property="og:url" content="https://we-bc.ca/event/80088/" />
<meta property="og:site_name" content="WeBC" />
<meta property="article:modified_time" content="2024-10-04T08:44:20+00:00" />
<meta property="og:image" content="https://we-bc.ca/wp-content/uploads/2024/10/HR.png" />
	<meta property="og:image:width" content="1918" />
	<meta property="og:image:height" content="542" />
	<meta property="og:image:type" content="image/png" />
<meta name="twitter:card" content="summary_large_image" />
<meta name="twitter:label1" content="Est. reading time" />
	<meta name="twitter:data1" content="1 minute" />
<script type="application/ld+json" class="yoast-schema-graph">{"@context":"https:\/\/schema.org","@graph":[{"@type":"WebPage","@id":"https:\/\/we-bc.ca\/event\/80088\/","url":"https:\/\/we-bc.ca\/event\/80088\/","name":"Combler le fossé : les outils RH essentiels pour les petites entreprises - WeBC","isPartOf":{"@id":"https:\/\/we-bc.ca\/#website"},"primaryImageOfPage":{"@id":"https:\/\/we-bc.ca\/event\/80088\/#primaryimage"},"image":{"@id":"https:\/\/we-bc.ca\/event\/80088\/#primaryimage"},"thumbnailUrl":"https:\/\/news.we-bc.ca\/wp-content\/uploads\/2024\/10\/HR.png","datePublished":"2024-10-04T08:43:03+00:00","dateModified":"2024-10-04T08:44:20+00:00","breadcrumb":{"@id":"https:\/\/we-bc.ca\/event\/80088\/#breadcrumb"},"inLanguage":"en-US","potentialAction":[{"@type":"ReadAction","target":["https:\/\/we-bc.ca\/event\/80088\/"]}]},{"@type":"ImageObject","inLanguage":"en-US","@id":"https:\/\/we-bc.ca\/event\/80088\/#primaryimage","url":"https:\/\/news.we-bc.ca\/wp-content\/uploads\/2024\/10\/HR.png","contentUrl":"https:\/\/news.we-bc.ca\/wp-content\/uploads\/2024\/10\/HR.png","width":1918,"height":542},{"@type":"BreadcrumbList","@id":"https:\/\/we-bc.ca\/event\/80088\/#breadcrumb","itemListElement":[{"@type":"ListItem","position":1,"name":"Home","item":"https:\/\/we-bc.ca\/"},{"@type":"ListItem","position":2,"name":"Events","item":"https:\/\/we-bc.ca\/events\/"},{"@type":"ListItem","position":3,"name":"Combler le fossé : les outils RH essentiels pour les petites entreprises"}]},{"@type":"WebSite","@id":"https:\/\/we-bc.ca\/#website","url":"https:\/\/we-bc.ca\/","name":"WeBC","description":"Supporting Women Entrepreneurs in BC","potentialAction":[{"@type":"SearchAction","target":{"@type":"EntryPoint","urlTemplate":"https:\/\/we-bc.ca\/?s={search_term_string}"},"query-input":{"@type":"PropertyValueSpecification","valueRequired":true,"valueName":"search_term_string"}}],"inLanguage":"en-US"}]}</script>
<!-- / Yoast SEO plugin. -->

Combler le fossé : les outils RH essentiels pour les petites entreprises - WeBC

Dans le cadre des engagements visant à combler les lacunes du marché du travail, la Chambre de commerce de la Colombie-Britannique a clairement entendu la nécessité d&#8217;améliorer la formation des [&hellip;]
