{"id":10013435,"date":"2024-10-07T17:51:07","date_gmt":"2024-10-07T17:51:07","guid":{"rendered":"https:\/\/we-bc.ca\/event\/2024-sommet-de-la-semaine-des-petites-entreprises-21-25-octobre\/"},"modified":"2024-10-07T17:51:48","modified_gmt":"2024-10-07T17:51:48","slug":"2024-sommet-de-la-semaine-des-petites-entreprises-21-25-octobre","status":"publish","type":"tribe_events","link":"https:\/\/news.we-bc.ca\/en\/event\/2024-sommet-de-la-semaine-des-petites-entreprises-21-25-octobre\/2024-10-26\/","title":{"rendered":"2024 Sommet de la Semaine des petites entreprises : 21 &#8211; 25 octobre"},"content":{"rendered":"<h4>Cinq sessions d&#8217;apprentissage virtuel GRATUITES<\/h4>\n<p>Le <strong>sommet de la semaine des petites entreprises <\/strong>de la Chambre de commerce de la Colombie-Britannique se d\u00e9roule du 21 au 25 octobre et c\u00e9l\u00e8bre les petites entreprises de la province, qui constituent l&#8217;\u00e9pine dorsale de notre \u00e9conomie provinciale. <strong>Pendant cinq jours<\/strong>, ces <strong>sessions gratuites<\/strong> offrent la possibilit\u00e9 d&#8217;\u00e9couter, d&#8217;apprendre et de s&#8217;engager directement avec des experts en la mati\u00e8re et des leaders d&#8217;opinion sur des sujets qui sont importants pour eux. Le th\u00e8me de cette ann\u00e9e, &#8220;<strong>Cultiver la r\u00e9silience par l&#8217;innovation<\/strong>&#8220;, souligne l&#8217;importance de donner aux entreprises les moyens de prosp\u00e9rer en p\u00e9riode d&#8217;incertitude et de changement. <strong>Les billets sont gratuits<\/strong> et chaque session sera organis\u00e9e via un webinaire Zoom. POUR PLUS D&#8217;INFORMATIONS : https:\/\/www.kelownachamber.org\/news\/post\/880\/2024_Small_Business_Week_Summit_Oct_21_25\/ <\/p>\n","protected":false},"excerpt":{"rendered":"<p>Cinq sessions d&#8217;apprentissage virtuel GRATUITES Le sommet de la semaine des petites entreprises de la Chambre de commerce de la Colombie-Britannique se d\u00e9roule du 21 au 25 octobre et c\u00e9l\u00e8bre [&hellip;]<\/p>\n","protected":false},"author":276,"featured_media":80129,"template":"","meta":{"_acf_changed":false,"_tribe_events_status":"","_tribe_events_status_reason":"","_tribe_events_is_hybrid":"","_tribe_events_is_virtual":"","_tribe_events_virtual_video_source":"","_tribe_events_virtual_embed_video":"","_tribe_events_virtual_linked_button_text":"","_tribe_events_virtual_linked_button":"","_tribe_events_virtual_show_embed_at":"","_tribe_events_virtual_show_embed_to":[],"_tribe_events_virtual_show_on_event":"","_tribe_events_virtual_show_on_views":"","_tribe_events_virtual_url":"","footnotes":""},"tags":[],"tribe_events_cat":[1648],"class_list":["post-10013435","tribe_events","type-tribe_events","status-publish","has-post-thumbnail","hentry","tribe_events_cat-semaine-des-petites-entreprises-2024","cat_semaine-des-petites-entreprises-2024","tribe-recurring-event","tribe-recurring-event-parent"],"acf":[],"yoast_head":"<!-- This site is optimized with the Yoast SEO plugin v27.4 - https:\/\/yoast.com\/product\/yoast-seo-wordpress\/ -->\n<title>2024 Sommet de la Semaine des petites entreprises : 21 - 25 octobre - WeBC<\/title>\n<meta name=\"robots\" content=\"index, follow, max-snippet:-1, max-image-preview:large, max-video-preview:-1\" \/>\n<link rel=\"canonical\" href=\"https:\/\/blogs.we-bc.ca\/event\/2024-sommet-de-la-semaine-des-petites-entreprises-21-25-octobre\/2024-10-26\/?lang=fr\" \/>\n<meta property=\"og:locale\" content=\"en_US\" \/>\n<meta property=\"og:type\" content=\"article\" \/>\n<meta property=\"og:title\" content=\"2024 Sommet de la Semaine des petites entreprises : 21 - 25 octobre - WeBC\" \/>\n<meta property=\"og:description\" content=\"Cinq sessions d&#8217;apprentissage virtuel GRATUITES Le sommet de la semaine des petites entreprises de la Chambre de commerce de la Colombie-Britannique se d\u00e9roule du 21 au 25 octobre et c\u00e9l\u00e8bre [&hellip;]\" \/>\n<meta property=\"og:url\" content=\"https:\/\/blogs.we-bc.ca\/event\/2024-sommet-de-la-semaine-des-petites-entreprises-21-25-octobre\/2024-10-26\/?lang=fr\" \/>\n<meta property=\"og:site_name\" content=\"WeBC\" \/>\n<meta property=\"article:modified_time\" content=\"2024-10-07T17:51:48+00:00\" \/>\n<meta property=\"og:image\" content=\"https:\/\/blogs.we-bc.ca\/wp-content\/uploads\/2024\/10\/18815138_1340360582668137_8302815554426556346_o0-0580841e5056b3a_058084f8-5056-b3a8-49f27403c61c9ebd.jpg\" \/>\n\t<meta property=\"og:image:width\" content=\"960\" \/>\n\t<meta property=\"og:image:height\" content=\"960\" \/>\n\t<meta property=\"og:image:type\" content=\"image\/jpeg\" \/>\n<meta name=\"twitter:card\" content=\"summary_large_image\" \/>\n<meta name=\"twitter:label1\" content=\"Est. reading time\" \/>\n\t<meta name=\"twitter:data1\" content=\"1 minute\" \/>\n<script type=\"application\/ld+json\" class=\"yoast-schema-graph\">{\"@context\":\"https:\\\/\\\/schema.org\",\"@graph\":[{\"@type\":\"WebPage\",\"@id\":\"https:\\\/\\\/blogs.we-bc.ca\\\/event\\\/2024-sommet-de-la-semaine-des-petites-entreprises-21-25-octobre\\\/2024-10-26\\\/?lang=fr\",\"url\":\"https:\\\/\\\/blogs.we-bc.ca\\\/event\\\/2024-sommet-de-la-semaine-des-petites-entreprises-21-25-octobre\\\/2024-10-26\\\/?lang=fr\",\"name\":\"2024 Sommet de la Semaine des petites entreprises : 21 - 25 octobre - WeBC\",\"isPartOf\":{\"@id\":\"https:\\\/\\\/we-bc.ca\\\/#website\"},\"primaryImageOfPage\":{\"@id\":\"https:\\\/\\\/blogs.we-bc.ca\\\/event\\\/2024-sommet-de-la-semaine-des-petites-entreprises-21-25-octobre\\\/2024-10-26\\\/?lang=fr#primaryimage\"},\"image\":{\"@id\":\"https:\\\/\\\/blogs.we-bc.ca\\\/event\\\/2024-sommet-de-la-semaine-des-petites-entreprises-21-25-octobre\\\/2024-10-26\\\/?lang=fr#primaryimage\"},\"thumbnailUrl\":\"https:\\\/\\\/news.we-bc.ca\\\/wp-content\\\/uploads\\\/2024\\\/10\\\/18815138_1340360582668137_8302815554426556346_o0-0580841e5056b3a_058084f8-5056-b3a8-49f27403c61c9ebd.jpg\",\"datePublished\":\"2024-10-07T17:51:07+00:00\",\"dateModified\":\"2024-10-07T17:51:48+00:00\",\"breadcrumb\":{\"@id\":\"https:\\\/\\\/blogs.we-bc.ca\\\/event\\\/2024-sommet-de-la-semaine-des-petites-entreprises-21-25-octobre\\\/2024-10-26\\\/?lang=fr#breadcrumb\"},\"inLanguage\":\"en-US\",\"potentialAction\":[{\"@type\":\"ReadAction\",\"target\":[\"https:\\\/\\\/blogs.we-bc.ca\\\/event\\\/2024-sommet-de-la-semaine-des-petites-entreprises-21-25-octobre\\\/2024-10-26\\\/?lang=fr\"]}]},{\"@type\":\"ImageObject\",\"inLanguage\":\"en-US\",\"@id\":\"https:\\\/\\\/blogs.we-bc.ca\\\/event\\\/2024-sommet-de-la-semaine-des-petites-entreprises-21-25-octobre\\\/2024-10-26\\\/?lang=fr#primaryimage\",\"url\":\"https:\\\/\\\/news.we-bc.ca\\\/wp-content\\\/uploads\\\/2024\\\/10\\\/18815138_1340360582668137_8302815554426556346_o0-0580841e5056b3a_058084f8-5056-b3a8-49f27403c61c9ebd.jpg\",\"contentUrl\":\"https:\\\/\\\/news.we-bc.ca\\\/wp-content\\\/uploads\\\/2024\\\/10\\\/18815138_1340360582668137_8302815554426556346_o0-0580841e5056b3a_058084f8-5056-b3a8-49f27403c61c9ebd.jpg\",\"width\":960,\"height\":960},{\"@type\":\"BreadcrumbList\",\"@id\":\"https:\\\/\\\/blogs.we-bc.ca\\\/event\\\/2024-sommet-de-la-semaine-des-petites-entreprises-21-25-octobre\\\/2024-10-26\\\/?lang=fr#breadcrumb\",\"itemListElement\":[{\"@type\":\"ListItem\",\"position\":1,\"name\":\"Home\",\"item\":\"https:\\\/\\\/we-bc.ca\\\/\"},{\"@type\":\"ListItem\",\"position\":2,\"name\":\"Events\",\"item\":\"https:\\\/\\\/we-bc.ca\\\/events\\\/\"},{\"@type\":\"ListItem\",\"position\":3,\"name\":\"2024 Sommet de la Semaine des petites entreprises : 21 &#8211; 25 octobre\"}]},{\"@type\":\"WebSite\",\"@id\":\"https:\\\/\\\/we-bc.ca\\\/#website\",\"url\":\"https:\\\/\\\/we-bc.ca\\\/\",\"name\":\"WeBC\",\"description\":\"Supporting Women Entrepreneurs in BC\",\"potentialAction\":[{\"@type\":\"SearchAction\",\"target\":{\"@type\":\"EntryPoint\",\"urlTemplate\":\"https:\\\/\\\/we-bc.ca\\\/?s={search_term_string}\"},\"query-input\":{\"@type\":\"PropertyValueSpecification\",\"valueRequired\":true,\"valueName\":\"search_term_string\"}}],\"inLanguage\":\"en-US\"}]}<\/script>\n<!-- \/ Yoast SEO plugin. -->","yoast_head_json":{"title":"2024 Sommet de la Semaine des petites entreprises : 21 - 25 octobre - WeBC","robots":{"index":"index","follow":"follow","max-snippet":"max-snippet:-1","max-image-preview":"max-image-preview:large","max-video-preview":"max-video-preview:-1"},"canonical":"https:\/\/blogs.we-bc.ca\/event\/2024-sommet-de-la-semaine-des-petites-entreprises-21-25-octobre\/2024-10-26\/?lang=fr","og_locale":"en_US","og_type":"article","og_title":"2024 Sommet de la Semaine des petites entreprises : 21 - 25 octobre - WeBC","og_description":"Cinq sessions d&#8217;apprentissage virtuel GRATUITES Le sommet de la semaine des petites entreprises de la Chambre de commerce de la Colombie-Britannique se d\u00e9roule du 21 au 25 octobre et c\u00e9l\u00e8bre [&hellip;]","og_url":"https:\/\/blogs.we-bc.ca\/event\/2024-sommet-de-la-semaine-des-petites-entreprises-21-25-octobre\/2024-10-26\/?lang=fr","og_site_name":"WeBC","article_modified_time":"2024-10-07T17:51:48+00:00","og_image":[{"width":960,"height":960,"url":"https:\/\/blogs.we-bc.ca\/wp-content\/uploads\/2024\/10\/18815138_1340360582668137_8302815554426556346_o0-0580841e5056b3a_058084f8-5056-b3a8-49f27403c61c9ebd.jpg","type":"image\/jpeg"}],"twitter_card":"summary_large_image","twitter_misc":{"Est. reading time":"1 minute"},"schema":{"@context":"https:\/\/schema.org","@graph":[{"@type":"WebPage","@id":"https:\/\/blogs.we-bc.ca\/event\/2024-sommet-de-la-semaine-des-petites-entreprises-21-25-octobre\/2024-10-26\/?lang=fr","url":"https:\/\/blogs.we-bc.ca\/event\/2024-sommet-de-la-semaine-des-petites-entreprises-21-25-octobre\/2024-10-26\/?lang=fr","name":"2024 Sommet de la Semaine des petites entreprises : 21 - 25 octobre - WeBC","isPartOf":{"@id":"https:\/\/we-bc.ca\/#website"},"primaryImageOfPage":{"@id":"https:\/\/blogs.we-bc.ca\/event\/2024-sommet-de-la-semaine-des-petites-entreprises-21-25-octobre\/2024-10-26\/?lang=fr#primaryimage"},"image":{"@id":"https:\/\/blogs.we-bc.ca\/event\/2024-sommet-de-la-semaine-des-petites-entreprises-21-25-octobre\/2024-10-26\/?lang=fr#primaryimage"},"thumbnailUrl":"https:\/\/news.we-bc.ca\/wp-content\/uploads\/2024\/10\/18815138_1340360582668137_8302815554426556346_o0-0580841e5056b3a_058084f8-5056-b3a8-49f27403c61c9ebd.jpg","datePublished":"2024-10-07T17:51:07+00:00","dateModified":"2024-10-07T17:51:48+00:00","breadcrumb":{"@id":"https:\/\/blogs.we-bc.ca\/event\/2024-sommet-de-la-semaine-des-petites-entreprises-21-25-octobre\/2024-10-26\/?lang=fr#breadcrumb"},"inLanguage":"en-US","potentialAction":[{"@type":"ReadAction","target":["https:\/\/blogs.we-bc.ca\/event\/2024-sommet-de-la-semaine-des-petites-entreprises-21-25-octobre\/2024-10-26\/?lang=fr"]}]},{"@type":"ImageObject","inLanguage":"en-US","@id":"https:\/\/blogs.we-bc.ca\/event\/2024-sommet-de-la-semaine-des-petites-entreprises-21-25-octobre\/2024-10-26\/?lang=fr#primaryimage","url":"https:\/\/news.we-bc.ca\/wp-content\/uploads\/2024\/10\/18815138_1340360582668137_8302815554426556346_o0-0580841e5056b3a_058084f8-5056-b3a8-49f27403c61c9ebd.jpg","contentUrl":"https:\/\/news.we-bc.ca\/wp-content\/uploads\/2024\/10\/18815138_1340360582668137_8302815554426556346_o0-0580841e5056b3a_058084f8-5056-b3a8-49f27403c61c9ebd.jpg","width":960,"height":960},{"@type":"BreadcrumbList","@id":"https:\/\/blogs.we-bc.ca\/event\/2024-sommet-de-la-semaine-des-petites-entreprises-21-25-octobre\/2024-10-26\/?lang=fr#breadcrumb","itemListElement":[{"@type":"ListItem","position":1,"name":"Home","item":"https:\/\/we-bc.ca\/"},{"@type":"ListItem","position":2,"name":"Events","item":"https:\/\/we-bc.ca\/events\/"},{"@type":"ListItem","position":3,"name":"2024 Sommet de la Semaine des petites entreprises : 21 &#8211; 25 octobre"}]},{"@type":"WebSite","@id":"https:\/\/we-bc.ca\/#website","url":"https:\/\/we-bc.ca\/","name":"WeBC","description":"Supporting Women Entrepreneurs in BC","potentialAction":[{"@type":"SearchAction","target":{"@type":"EntryPoint","urlTemplate":"https:\/\/we-bc.ca\/?s={search_term_string}"},"query-input":{"@type":"PropertyValueSpecification","valueRequired":true,"valueName":"search_term_string"}}],"inLanguage":"en-US"}]}},"_links":{"self":[{"href":"https:\/\/news.we-bc.ca\/en\/wp-json\/wp\/v2\/tribe_events\/10013435","targetHints":{"allow":["GET"]}}],"collection":[{"href":"https:\/\/news.we-bc.ca\/en\/wp-json\/wp\/v2\/tribe_events"}],"about":[{"href":"https:\/\/news.we-bc.ca\/en\/wp-json\/wp\/v2\/types\/tribe_events"}],"author":[{"embeddable":true,"href":"https:\/\/news.we-bc.ca\/en\/wp-json\/wp\/v2\/users\/276"}],"version-history":[{"count":0,"href":"https:\/\/news.we-bc.ca\/en\/wp-json\/wp\/v2\/tribe_events\/10013435\/revisions"}],"wp:featuredmedia":[{"embeddable":true,"href":"https:\/\/news.we-bc.ca\/en\/wp-json\/wp\/v2\/media\/80129"}],"wp:attachment":[{"href":"https:\/\/news.we-bc.ca\/en\/wp-json\/wp\/v2\/media?parent=10013435"}],"wp:term":[{"taxonomy":"post_tag","embeddable":true,"href":"https:\/\/news.we-bc.ca\/en\/wp-json\/wp\/v2\/tags?post=10013435"},{"taxonomy":"tribe_events_cat","embeddable":true,"href":"https:\/\/news.we-bc.ca\/en\/wp-json\/wp\/v2\/tribe_events_cat?post=10013435"}],"curies":[{"name":"wp","href":"https:\/\/api.w.org\/{rel}","templated":true}]}}

<h4>Cinq sessions d&#8217;apprentissage virtuel GRATUITES</h4>
<p>Le <strong>sommet de la semaine des petites entreprises </strong>de la Chambre de commerce de la Colombie-Britannique se déroule du 21 au 25 octobre et célèbre les petites entreprises de la province, qui constituent l&#8217;épine dorsale de notre économie provinciale. <strong>Pendant cinq jours</strong>, ces <strong>sessions gratuites</strong> offrent la possibilité d&#8217;écouter, d&#8217;apprendre et de s&#8217;engager directement avec des experts en la matière et des leaders d&#8217;opinion sur des sujets qui sont importants pour eux. Le thème de cette année, &#8220;<strong>Cultiver la résilience par l&#8217;innovation</strong>&#8220;, souligne l&#8217;importance de donner aux entreprises les moyens de prospérer en période d&#8217;incertitude et de changement. <strong>Les billets sont gratuits</strong> et chaque session sera organisée via un webinaire Zoom. POUR PLUS D&#8217;INFORMATIONS : https://www.kelownachamber.org/news/post/880/2024_Small_Business_Week_Summit_Oct_21_25/ </p>

<p>Cinq sessions d&#8217;apprentissage virtuel GRATUITES Le sommet de la semaine des petites entreprises de la Chambre de commerce de la Colombie-Britannique se déroule du 21 au 25 octobre et célèbre [&hellip;]</p>

<!-- This site is optimized with the Yoast SEO plugin v27.4 - https://yoast.com/product/yoast-seo-wordpress/ -->
<title>2024 Sommet de la Semaine des petites entreprises : 21 - 25 octobre - WeBC</title>
<meta name="robots" content="index, follow, max-snippet:-1, max-image-preview:large, max-video-preview:-1" />
<link rel="canonical" href="https://blogs.we-bc.ca/event/2024-sommet-de-la-semaine-des-petites-entreprises-21-25-octobre/2024-10-26/?lang=fr" />
<meta property="og:locale" content="en_US" />
<meta property="og:type" content="article" />
<meta property="og:title" content="2024 Sommet de la Semaine des petites entreprises : 21 - 25 octobre - WeBC" />
<meta property="og:description" content="Cinq sessions d&#8217;apprentissage virtuel GRATUITES Le sommet de la semaine des petites entreprises de la Chambre de commerce de la Colombie-Britannique se déroule du 21 au 25 octobre et célèbre [&hellip;]" />
<meta property="og:url" content="https://blogs.we-bc.ca/event/2024-sommet-de-la-semaine-des-petites-entreprises-21-25-octobre/2024-10-26/?lang=fr" />
<meta property="og:site_name" content="WeBC" />
<meta property="article:modified_time" content="2024-10-07T17:51:48+00:00" />
<meta property="og:image" content="https://blogs.we-bc.ca/wp-content/uploads/2024/10/18815138_1340360582668137_8302815554426556346_o0-0580841e5056b3a_058084f8-5056-b3a8-49f27403c61c9ebd.jpg" />
	<meta property="og:image:width" content="960" />
	<meta property="og:image:height" content="960" />
	<meta property="og:image:type" content="image/jpeg" />
<meta name="twitter:card" content="summary_large_image" />
<meta name="twitter:label1" content="Est. reading time" />
	<meta name="twitter:data1" content="1 minute" />
<script type="application/ld+json" class="yoast-schema-graph">{"@context":"https:\/\/schema.org","@graph":[{"@type":"WebPage","@id":"https:\/\/blogs.we-bc.ca\/event\/2024-sommet-de-la-semaine-des-petites-entreprises-21-25-octobre\/2024-10-26\/?lang=fr","url":"https:\/\/blogs.we-bc.ca\/event\/2024-sommet-de-la-semaine-des-petites-entreprises-21-25-octobre\/2024-10-26\/?lang=fr","name":"2024 Sommet de la Semaine des petites entreprises : 21 - 25 octobre - WeBC","isPartOf":{"@id":"https:\/\/we-bc.ca\/#website"},"primaryImageOfPage":{"@id":"https:\/\/blogs.we-bc.ca\/event\/2024-sommet-de-la-semaine-des-petites-entreprises-21-25-octobre\/2024-10-26\/?lang=fr#primaryimage"},"image":{"@id":"https:\/\/blogs.we-bc.ca\/event\/2024-sommet-de-la-semaine-des-petites-entreprises-21-25-octobre\/2024-10-26\/?lang=fr#primaryimage"},"thumbnailUrl":"https:\/\/news.we-bc.ca\/wp-content\/uploads\/2024\/10\/18815138_1340360582668137_8302815554426556346_o0-0580841e5056b3a_058084f8-5056-b3a8-49f27403c61c9ebd.jpg","datePublished":"2024-10-07T17:51:07+00:00","dateModified":"2024-10-07T17:51:48+00:00","breadcrumb":{"@id":"https:\/\/blogs.we-bc.ca\/event\/2024-sommet-de-la-semaine-des-petites-entreprises-21-25-octobre\/2024-10-26\/?lang=fr#breadcrumb"},"inLanguage":"en-US","potentialAction":[{"@type":"ReadAction","target":["https:\/\/blogs.we-bc.ca\/event\/2024-sommet-de-la-semaine-des-petites-entreprises-21-25-octobre\/2024-10-26\/?lang=fr"]}]},{"@type":"ImageObject","inLanguage":"en-US","@id":"https:\/\/blogs.we-bc.ca\/event\/2024-sommet-de-la-semaine-des-petites-entreprises-21-25-octobre\/2024-10-26\/?lang=fr#primaryimage","url":"https:\/\/news.we-bc.ca\/wp-content\/uploads\/2024\/10\/18815138_1340360582668137_8302815554426556346_o0-0580841e5056b3a_058084f8-5056-b3a8-49f27403c61c9ebd.jpg","contentUrl":"https:\/\/news.we-bc.ca\/wp-content\/uploads\/2024\/10\/18815138_1340360582668137_8302815554426556346_o0-0580841e5056b3a_058084f8-5056-b3a8-49f27403c61c9ebd.jpg","width":960,"height":960},{"@type":"BreadcrumbList","@id":"https:\/\/blogs.we-bc.ca\/event\/2024-sommet-de-la-semaine-des-petites-entreprises-21-25-octobre\/2024-10-26\/?lang=fr#breadcrumb","itemListElement":[{"@type":"ListItem","position":1,"name":"Home","item":"https:\/\/we-bc.ca\/"},{"@type":"ListItem","position":2,"name":"Events","item":"https:\/\/we-bc.ca\/events\/"},{"@type":"ListItem","position":3,"name":"2024 Sommet de la Semaine des petites entreprises : 21 &#8211; 25 octobre"}]},{"@type":"WebSite","@id":"https:\/\/we-bc.ca\/#website","url":"https:\/\/we-bc.ca\/","name":"WeBC","description":"Supporting Women Entrepreneurs in BC","potentialAction":[{"@type":"SearchAction","target":{"@type":"EntryPoint","urlTemplate":"https:\/\/we-bc.ca\/?s={search_term_string}"},"query-input":{"@type":"PropertyValueSpecification","valueRequired":true,"valueName":"search_term_string"}}],"inLanguage":"en-US"}]}</script>
<!-- / Yoast SEO plugin. -->

Cinq sessions d&#8217;apprentissage virtuel GRATUITES Le sommet de la semaine des petites entreprises de la Chambre de commerce de la Colombie-Britannique se déroule du 21 au 25 octobre et célèbre [&hellip;]
