{"id":10013374,"date":"2024-01-19T20:30:50","date_gmt":"2024-01-19T20:30:50","guid":{"rendered":"https:\/\/we-bc.ca\/event\/session-dinformation-didees-et-de-concepts-pour-les-entrepreneurs-en-devenir\/"},"modified":"2024-10-24T07:24:16","modified_gmt":"2024-10-24T07:24:16","slug":"session-dinformation-didees-et-de-concepts-pour-les-entrepreneurs-en-devenir","status":"publish","type":"tribe_events","link":"https:\/\/news.we-bc.ca\/en\/event\/session-dinformation-didees-et-de-concepts-pour-les-entrepreneurs-en-devenir\/2024-10-25\/","title":{"rendered":"Session d&#8217;information, d&#8217;id\u00e9es et de concepts pour les entrepreneurs en devenir"},"content":{"rendered":"<div class=\"Layout-module__module___2eUcs Layout-module__summary___1srt-\" data-testid=\"summary\">\n<div class=\"event-details__main-inner\">\n<p class=\"summary\">Appel \u00e0 toutes les femmes entrepreneurs en herbe ! Rejoignez Entrepreneurs on the Rise pour une session d&#8217;information, d&#8217;id\u00e9es et de concepts en ligne. <\/p>\n<\/div>\n<\/div>\n<div class=\"Layout-module__module___2eUcs Layout-module__organizerBrief___2a4uj\" data-testid=\"organizerBrief\">\n<div class=\"event-details__main-inner\">\n<div data-testid=\"creator-signal-main-section\">\n<section class=\"simplified-organizer-info\" data-testid=\"simplified-organizer-info\" aria-label=\"Organizer profile\">\n<div class=\"simplified-organizer-info__profile\">  Cette session est un moyen pr\u00e9cieux d&#8217;en savoir plus sur leur programme, de pr\u00e9senter vos id\u00e9es et de r\u00e9fl\u00e9chir \u00e0 votre concept, et de r\u00e9pondre aux questions concernant la soumission de votre formulaire de concept. Au cours de cet \u00e9v\u00e9nement, vous aurez l&#8217;occasion de poser des questions \u00e0 nos coachs exp\u00e9riment\u00e9s et aux membres de notre \u00e9quipe, qui partageront leurs id\u00e9es et vous aideront dans le processus de candidature. Que vous soyez en phase de d\u00e9marrage ou que vous cherchiez \u00e0 d\u00e9velopper votre entreprise, cette session vous apportera les connaissances et les conseils dont vous avez besoin pour mener \u00e0 bien le processus de candidature. Ne manquez pas cette occasion unique de rencontrer notre \u00e9quipe et d&#8217;obtenir des r\u00e9ponses \u00e0 vos questions.     <a href=\"https:\/\/www.eventbrite.com\/e\/info-idea-concept-session-for-entrepreneurs-on-the-rise-tickets-738145993537?utm-campaign=social&amp;utm-content=attendeeshare&amp;utm-medium=discovery&amp;utm-term=listing&amp;utm-source=cp&amp;aff=ebdsshcopyurl\">S&#8217;inscrire ici&gt;&gt;&gt;<\/a><\/p>\n<\/div>\n<\/section>\n<\/div>\n<\/div>\n<\/div>\n","protected":false},"excerpt":{"rendered":"<p>Appel \u00e0 toutes les femmes entrepreneurs en herbe ! Rejoignez Entrepreneurs on the Rise pour une session d&#8217;information, d&#8217;id\u00e9es et de concepts en ligne. Cette session est un moyen pr\u00e9cieux [&hellip;]<\/p>\n","protected":false},"author":274,"featured_media":72701,"template":"","meta":{"_acf_changed":false,"_tribe_events_status":"","_tribe_events_status_reason":"","_tribe_events_is_hybrid":"","_tribe_events_is_virtual":"","_tribe_events_virtual_video_source":"","_tribe_events_virtual_embed_video":"","_tribe_events_virtual_linked_button_text":"","_tribe_events_virtual_linked_button":"","_tribe_events_virtual_show_embed_at":"","_tribe_events_virtual_show_embed_to":[],"_tribe_events_virtual_show_on_event":"","_tribe_events_virtual_show_on_views":"","_tribe_events_virtual_url":"","footnotes":""},"tags":[],"tribe_events_cat":[1254],"class_list":["post-10013374","tribe_events","type-tribe_events","status-publish","has-post-thumbnail","hentry","tribe_events_cat-evenements-de-notre-reseau-de-partenaires","cat_evenements-de-notre-reseau-de-partenaires","tribe-recurring-event","tribe-recurring-event-parent"],"acf":[],"yoast_head":"<!-- This site is optimized with the Yoast SEO plugin v27.4 - https:\/\/yoast.com\/product\/yoast-seo-wordpress\/ -->\n<title>Session d&#039;information, d&#039;id\u00e9es et de concepts pour les entrepreneurs en devenir - WeBC<\/title>\n<meta name=\"robots\" content=\"index, follow, max-snippet:-1, max-image-preview:large, max-video-preview:-1\" \/>\n<link rel=\"canonical\" href=\"https:\/\/news.we-bc.ca\/event\/session-dinformation-didees-et-de-concepts-pour-les-entrepreneurs-en-devenir\/2024-10-25\/\" \/>\n<meta property=\"og:locale\" content=\"en_US\" \/>\n<meta property=\"og:type\" content=\"article\" \/>\n<meta property=\"og:title\" content=\"Session d&#039;information, d&#039;id\u00e9es et de concepts pour les entrepreneurs en devenir - WeBC\" \/>\n<meta property=\"og:description\" content=\"Appel \u00e0 toutes les femmes entrepreneurs en herbe ! Rejoignez Entrepreneurs on the Rise pour une session d&#8217;information, d&#8217;id\u00e9es et de concepts en ligne. Cette session est un moyen pr\u00e9cieux [&hellip;]\" \/>\n<meta property=\"og:url\" content=\"https:\/\/news.we-bc.ca\/event\/session-dinformation-didees-et-de-concepts-pour-les-entrepreneurs-en-devenir\/2024-10-25\/\" \/>\n<meta property=\"og:site_name\" content=\"WeBC\" \/>\n<meta property=\"article:modified_time\" content=\"2024-10-24T07:24:16+00:00\" \/>\n<meta property=\"og:image\" content=\"https:\/\/news.we-bc.ca\/wp-content\/uploads\/2024\/01\/17_resized.webp\" \/>\n\t<meta property=\"og:image:width\" content=\"603\" \/>\n\t<meta property=\"og:image:height\" content=\"522\" \/>\n\t<meta property=\"og:image:type\" content=\"image\/webp\" \/>\n<meta name=\"twitter:card\" content=\"summary_large_image\" \/>\n<meta name=\"twitter:label1\" content=\"Est. reading time\" \/>\n\t<meta name=\"twitter:data1\" content=\"1 minute\" \/>\n<script type=\"application\/ld+json\" class=\"yoast-schema-graph\">{\"@context\":\"https:\\\/\\\/schema.org\",\"@graph\":[{\"@type\":\"WebPage\",\"@id\":\"https:\\\/\\\/news.we-bc.ca\\\/event\\\/session-dinformation-didees-et-de-concepts-pour-les-entrepreneurs-en-devenir\\\/2024-10-25\\\/\",\"url\":\"https:\\\/\\\/news.we-bc.ca\\\/event\\\/session-dinformation-didees-et-de-concepts-pour-les-entrepreneurs-en-devenir\\\/2024-10-25\\\/\",\"name\":\"Session d'information, d'id\u00e9es et de concepts pour les entrepreneurs en devenir - WeBC\",\"isPartOf\":{\"@id\":\"https:\\\/\\\/we-bc.ca\\\/#website\"},\"primaryImageOfPage\":{\"@id\":\"https:\\\/\\\/news.we-bc.ca\\\/event\\\/session-dinformation-didees-et-de-concepts-pour-les-entrepreneurs-en-devenir\\\/2024-10-25\\\/#primaryimage\"},\"image\":{\"@id\":\"https:\\\/\\\/news.we-bc.ca\\\/event\\\/session-dinformation-didees-et-de-concepts-pour-les-entrepreneurs-en-devenir\\\/2024-10-25\\\/#primaryimage\"},\"thumbnailUrl\":\"https:\\\/\\\/news.we-bc.ca\\\/wp-content\\\/uploads\\\/2024\\\/01\\\/17_resized.webp\",\"datePublished\":\"2024-01-19T20:30:50+00:00\",\"dateModified\":\"2024-10-24T07:24:16+00:00\",\"breadcrumb\":{\"@id\":\"https:\\\/\\\/news.we-bc.ca\\\/event\\\/session-dinformation-didees-et-de-concepts-pour-les-entrepreneurs-en-devenir\\\/2024-10-25\\\/#breadcrumb\"},\"inLanguage\":\"en-US\",\"potentialAction\":[{\"@type\":\"ReadAction\",\"target\":[\"https:\\\/\\\/news.we-bc.ca\\\/event\\\/session-dinformation-didees-et-de-concepts-pour-les-entrepreneurs-en-devenir\\\/2024-10-25\\\/\"]}]},{\"@type\":\"ImageObject\",\"inLanguage\":\"en-US\",\"@id\":\"https:\\\/\\\/news.we-bc.ca\\\/event\\\/session-dinformation-didees-et-de-concepts-pour-les-entrepreneurs-en-devenir\\\/2024-10-25\\\/#primaryimage\",\"url\":\"https:\\\/\\\/news.we-bc.ca\\\/wp-content\\\/uploads\\\/2024\\\/01\\\/17_resized.webp\",\"contentUrl\":\"https:\\\/\\\/news.we-bc.ca\\\/wp-content\\\/uploads\\\/2024\\\/01\\\/17_resized.webp\",\"width\":603,\"height\":522},{\"@type\":\"BreadcrumbList\",\"@id\":\"https:\\\/\\\/news.we-bc.ca\\\/event\\\/session-dinformation-didees-et-de-concepts-pour-les-entrepreneurs-en-devenir\\\/2024-10-25\\\/#breadcrumb\",\"itemListElement\":[{\"@type\":\"ListItem\",\"position\":1,\"name\":\"Home\",\"item\":\"https:\\\/\\\/we-bc.ca\\\/\"},{\"@type\":\"ListItem\",\"position\":2,\"name\":\"Events\",\"item\":\"https:\\\/\\\/we-bc.ca\\\/events\\\/\"},{\"@type\":\"ListItem\",\"position\":3,\"name\":\"Session d&#8217;information, d&#8217;id\u00e9es et de concepts pour les entrepreneurs en devenir\"}]},{\"@type\":\"WebSite\",\"@id\":\"https:\\\/\\\/we-bc.ca\\\/#website\",\"url\":\"https:\\\/\\\/we-bc.ca\\\/\",\"name\":\"WeBC\",\"description\":\"Supporting Women Entrepreneurs in BC\",\"potentialAction\":[{\"@type\":\"SearchAction\",\"target\":{\"@type\":\"EntryPoint\",\"urlTemplate\":\"https:\\\/\\\/we-bc.ca\\\/?s={search_term_string}\"},\"query-input\":{\"@type\":\"PropertyValueSpecification\",\"valueRequired\":true,\"valueName\":\"search_term_string\"}}],\"inLanguage\":\"en-US\"}]}<\/script>\n<!-- \/ Yoast SEO plugin. -->","yoast_head_json":{"title":"Session d'information, d'id\u00e9es et de concepts pour les entrepreneurs en devenir - WeBC","robots":{"index":"index","follow":"follow","max-snippet":"max-snippet:-1","max-image-preview":"max-image-preview:large","max-video-preview":"max-video-preview:-1"},"canonical":"https:\/\/news.we-bc.ca\/event\/session-dinformation-didees-et-de-concepts-pour-les-entrepreneurs-en-devenir\/2024-10-25\/","og_locale":"en_US","og_type":"article","og_title":"Session d'information, d'id\u00e9es et de concepts pour les entrepreneurs en devenir - WeBC","og_description":"Appel \u00e0 toutes les femmes entrepreneurs en herbe ! Rejoignez Entrepreneurs on the Rise pour une session d&#8217;information, d&#8217;id\u00e9es et de concepts en ligne. Cette session est un moyen pr\u00e9cieux [&hellip;]","og_url":"https:\/\/news.we-bc.ca\/event\/session-dinformation-didees-et-de-concepts-pour-les-entrepreneurs-en-devenir\/2024-10-25\/","og_site_name":"WeBC","article_modified_time":"2024-10-24T07:24:16+00:00","og_image":[{"width":603,"height":522,"url":"https:\/\/news.we-bc.ca\/wp-content\/uploads\/2024\/01\/17_resized.webp","type":"image\/webp"}],"twitter_card":"summary_large_image","twitter_misc":{"Est. reading time":"1 minute"},"schema":{"@context":"https:\/\/schema.org","@graph":[{"@type":"WebPage","@id":"https:\/\/news.we-bc.ca\/event\/session-dinformation-didees-et-de-concepts-pour-les-entrepreneurs-en-devenir\/2024-10-25\/","url":"https:\/\/news.we-bc.ca\/event\/session-dinformation-didees-et-de-concepts-pour-les-entrepreneurs-en-devenir\/2024-10-25\/","name":"Session d'information, d'id\u00e9es et de concepts pour les entrepreneurs en devenir - WeBC","isPartOf":{"@id":"https:\/\/we-bc.ca\/#website"},"primaryImageOfPage":{"@id":"https:\/\/news.we-bc.ca\/event\/session-dinformation-didees-et-de-concepts-pour-les-entrepreneurs-en-devenir\/2024-10-25\/#primaryimage"},"image":{"@id":"https:\/\/news.we-bc.ca\/event\/session-dinformation-didees-et-de-concepts-pour-les-entrepreneurs-en-devenir\/2024-10-25\/#primaryimage"},"thumbnailUrl":"https:\/\/news.we-bc.ca\/wp-content\/uploads\/2024\/01\/17_resized.webp","datePublished":"2024-01-19T20:30:50+00:00","dateModified":"2024-10-24T07:24:16+00:00","breadcrumb":{"@id":"https:\/\/news.we-bc.ca\/event\/session-dinformation-didees-et-de-concepts-pour-les-entrepreneurs-en-devenir\/2024-10-25\/#breadcrumb"},"inLanguage":"en-US","potentialAction":[{"@type":"ReadAction","target":["https:\/\/news.we-bc.ca\/event\/session-dinformation-didees-et-de-concepts-pour-les-entrepreneurs-en-devenir\/2024-10-25\/"]}]},{"@type":"ImageObject","inLanguage":"en-US","@id":"https:\/\/news.we-bc.ca\/event\/session-dinformation-didees-et-de-concepts-pour-les-entrepreneurs-en-devenir\/2024-10-25\/#primaryimage","url":"https:\/\/news.we-bc.ca\/wp-content\/uploads\/2024\/01\/17_resized.webp","contentUrl":"https:\/\/news.we-bc.ca\/wp-content\/uploads\/2024\/01\/17_resized.webp","width":603,"height":522},{"@type":"BreadcrumbList","@id":"https:\/\/news.we-bc.ca\/event\/session-dinformation-didees-et-de-concepts-pour-les-entrepreneurs-en-devenir\/2024-10-25\/#breadcrumb","itemListElement":[{"@type":"ListItem","position":1,"name":"Home","item":"https:\/\/we-bc.ca\/"},{"@type":"ListItem","position":2,"name":"Events","item":"https:\/\/we-bc.ca\/events\/"},{"@type":"ListItem","position":3,"name":"Session d&#8217;information, d&#8217;id\u00e9es et de concepts pour les entrepreneurs en devenir"}]},{"@type":"WebSite","@id":"https:\/\/we-bc.ca\/#website","url":"https:\/\/we-bc.ca\/","name":"WeBC","description":"Supporting Women Entrepreneurs in BC","potentialAction":[{"@type":"SearchAction","target":{"@type":"EntryPoint","urlTemplate":"https:\/\/we-bc.ca\/?s={search_term_string}"},"query-input":{"@type":"PropertyValueSpecification","valueRequired":true,"valueName":"search_term_string"}}],"inLanguage":"en-US"}]}},"_links":{"self":[{"href":"https:\/\/news.we-bc.ca\/en\/wp-json\/wp\/v2\/tribe_events\/10013374","targetHints":{"allow":["GET"]}}],"collection":[{"href":"https:\/\/news.we-bc.ca\/en\/wp-json\/wp\/v2\/tribe_events"}],"about":[{"href":"https:\/\/news.we-bc.ca\/en\/wp-json\/wp\/v2\/types\/tribe_events"}],"author":[{"embeddable":true,"href":"https:\/\/news.we-bc.ca\/en\/wp-json\/wp\/v2\/users\/274"}],"version-history":[{"count":0,"href":"https:\/\/news.we-bc.ca\/en\/wp-json\/wp\/v2\/tribe_events\/10013374\/revisions"}],"wp:featuredmedia":[{"embeddable":true,"href":"https:\/\/news.we-bc.ca\/en\/wp-json\/wp\/v2\/media\/72701"}],"wp:attachment":[{"href":"https:\/\/news.we-bc.ca\/en\/wp-json\/wp\/v2\/media?parent=10013374"}],"wp:term":[{"taxonomy":"post_tag","embeddable":true,"href":"https:\/\/news.we-bc.ca\/en\/wp-json\/wp\/v2\/tags?post=10013374"},{"taxonomy":"tribe_events_cat","embeddable":true,"href":"https:\/\/news.we-bc.ca\/en\/wp-json\/wp\/v2\/tribe_events_cat?post=10013374"}],"curies":[{"name":"wp","href":"https:\/\/api.w.org\/{rel}","templated":true}]}}

Session d&#8217;information, d&#8217;idées et de concepts pour les entrepreneurs en devenir

<div class="Layout-module__module___2eUcs Layout-module__summary___1srt-" data-testid="summary">
<div class="event-details__main-inner">
<p class="summary">Appel à toutes les femmes entrepreneurs en herbe ! Rejoignez Entrepreneurs on the Rise pour une session d&#8217;information, d&#8217;idées et de concepts en ligne. </p>
</div>
</div>
<div class="Layout-module__module___2eUcs Layout-module__organizerBrief___2a4uj" data-testid="organizerBrief">
<div class="event-details__main-inner">
<div data-testid="creator-signal-main-section">
<section class="simplified-organizer-info" data-testid="simplified-organizer-info" aria-label="Organizer profile">
<div class="simplified-organizer-info__profile">  Cette session est un moyen précieux d&#8217;en savoir plus sur leur programme, de présenter vos idées et de réfléchir à votre concept, et de répondre aux questions concernant la soumission de votre formulaire de concept. Au cours de cet événement, vous aurez l&#8217;occasion de poser des questions à nos coachs expérimentés et aux membres de notre équipe, qui partageront leurs idées et vous aideront dans le processus de candidature. Que vous soyez en phase de démarrage ou que vous cherchiez à développer votre entreprise, cette session vous apportera les connaissances et les conseils dont vous avez besoin pour mener à bien le processus de candidature. Ne manquez pas cette occasion unique de rencontrer notre équipe et d&#8217;obtenir des réponses à vos questions.     <a href="https://www.eventbrite.com/e/info-idea-concept-session-for-entrepreneurs-on-the-rise-tickets-738145993537?utm-campaign=social&amp;utm-content=attendeeshare&amp;utm-medium=discovery&amp;utm-term=listing&amp;utm-source=cp&amp;aff=ebdsshcopyurl">S&#8217;inscrire ici&gt;&gt;&gt;</a></p>
</div>
</section>
</div>
</div>
</div>

<p>Appel à toutes les femmes entrepreneurs en herbe ! Rejoignez Entrepreneurs on the Rise pour une session d&#8217;information, d&#8217;idées et de concepts en ligne. Cette session est un moyen précieux [&hellip;]</p>

<!-- This site is optimized with the Yoast SEO plugin v27.4 - https://yoast.com/product/yoast-seo-wordpress/ -->
<title>Session d&#039;information, d&#039;idées et de concepts pour les entrepreneurs en devenir - WeBC</title>
<meta name="robots" content="index, follow, max-snippet:-1, max-image-preview:large, max-video-preview:-1" />
<link rel="canonical" href="https://news.we-bc.ca/event/session-dinformation-didees-et-de-concepts-pour-les-entrepreneurs-en-devenir/2024-10-25/" />
<meta property="og:locale" content="en_US" />
<meta property="og:type" content="article" />
<meta property="og:title" content="Session d&#039;information, d&#039;idées et de concepts pour les entrepreneurs en devenir - WeBC" />
<meta property="og:description" content="Appel à toutes les femmes entrepreneurs en herbe ! Rejoignez Entrepreneurs on the Rise pour une session d&#8217;information, d&#8217;idées et de concepts en ligne. Cette session est un moyen précieux [&hellip;]" />
<meta property="og:url" content="https://news.we-bc.ca/event/session-dinformation-didees-et-de-concepts-pour-les-entrepreneurs-en-devenir/2024-10-25/" />
<meta property="og:site_name" content="WeBC" />
<meta property="article:modified_time" content="2024-10-24T07:24:16+00:00" />
<meta property="og:image" content="https://news.we-bc.ca/wp-content/uploads/2024/01/17_resized.webp" />
	<meta property="og:image:width" content="603" />
	<meta property="og:image:height" content="522" />
	<meta property="og:image:type" content="image/webp" />
<meta name="twitter:card" content="summary_large_image" />
<meta name="twitter:label1" content="Est. reading time" />
	<meta name="twitter:data1" content="1 minute" />
<script type="application/ld+json" class="yoast-schema-graph">{"@context":"https:\/\/schema.org","@graph":[{"@type":"WebPage","@id":"https:\/\/news.we-bc.ca\/event\/session-dinformation-didees-et-de-concepts-pour-les-entrepreneurs-en-devenir\/2024-10-25\/","url":"https:\/\/news.we-bc.ca\/event\/session-dinformation-didees-et-de-concepts-pour-les-entrepreneurs-en-devenir\/2024-10-25\/","name":"Session d'information, d'idées et de concepts pour les entrepreneurs en devenir - WeBC","isPartOf":{"@id":"https:\/\/we-bc.ca\/#website"},"primaryImageOfPage":{"@id":"https:\/\/news.we-bc.ca\/event\/session-dinformation-didees-et-de-concepts-pour-les-entrepreneurs-en-devenir\/2024-10-25\/#primaryimage"},"image":{"@id":"https:\/\/news.we-bc.ca\/event\/session-dinformation-didees-et-de-concepts-pour-les-entrepreneurs-en-devenir\/2024-10-25\/#primaryimage"},"thumbnailUrl":"https:\/\/news.we-bc.ca\/wp-content\/uploads\/2024\/01\/17_resized.webp","datePublished":"2024-01-19T20:30:50+00:00","dateModified":"2024-10-24T07:24:16+00:00","breadcrumb":{"@id":"https:\/\/news.we-bc.ca\/event\/session-dinformation-didees-et-de-concepts-pour-les-entrepreneurs-en-devenir\/2024-10-25\/#breadcrumb"},"inLanguage":"en-US","potentialAction":[{"@type":"ReadAction","target":["https:\/\/news.we-bc.ca\/event\/session-dinformation-didees-et-de-concepts-pour-les-entrepreneurs-en-devenir\/2024-10-25\/"]}]},{"@type":"ImageObject","inLanguage":"en-US","@id":"https:\/\/news.we-bc.ca\/event\/session-dinformation-didees-et-de-concepts-pour-les-entrepreneurs-en-devenir\/2024-10-25\/#primaryimage","url":"https:\/\/news.we-bc.ca\/wp-content\/uploads\/2024\/01\/17_resized.webp","contentUrl":"https:\/\/news.we-bc.ca\/wp-content\/uploads\/2024\/01\/17_resized.webp","width":603,"height":522},{"@type":"BreadcrumbList","@id":"https:\/\/news.we-bc.ca\/event\/session-dinformation-didees-et-de-concepts-pour-les-entrepreneurs-en-devenir\/2024-10-25\/#breadcrumb","itemListElement":[{"@type":"ListItem","position":1,"name":"Home","item":"https:\/\/we-bc.ca\/"},{"@type":"ListItem","position":2,"name":"Events","item":"https:\/\/we-bc.ca\/events\/"},{"@type":"ListItem","position":3,"name":"Session d&#8217;information, d&#8217;idées et de concepts pour les entrepreneurs en devenir"}]},{"@type":"WebSite","@id":"https:\/\/we-bc.ca\/#website","url":"https:\/\/we-bc.ca\/","name":"WeBC","description":"Supporting Women Entrepreneurs in BC","potentialAction":[{"@type":"SearchAction","target":{"@type":"EntryPoint","urlTemplate":"https:\/\/we-bc.ca\/?s={search_term_string}"},"query-input":{"@type":"PropertyValueSpecification","valueRequired":true,"valueName":"search_term_string"}}],"inLanguage":"en-US"}]}</script>
<!-- / Yoast SEO plugin. -->

Session d'information, d'idées et de concepts pour les entrepreneurs en devenir - WeBC

Appel à toutes les femmes entrepreneurs en herbe ! Rejoignez Entrepreneurs on the Rise pour une session d&#8217;information, d&#8217;idées et de concepts en ligne. Cette session est un moyen précieux [&hellip;]
